et z = -12415 + 13051. What is the units digit of z?
6
Let b(x) = x**2 - 8*x + 3. Let u be b(6). Let f(k) = -k**2 + 33*k - 183. Let g be f(10). What is the units digit of g/1*(-3)/u*3?
7
Let v be 5 + 10*2/(-4). Suppose -3*g + 4*m + 1326 = 0, 2*g + 2*m - 759 - 111 = v. What is the tens digit of (g/(-2) + 0)*(0 - 1)?
1
Let x(b) = 109*b**3 - 20*b**2 + 20*b + 6. What is the hundreds digit of x(4)?
7
Let l(o) be the first derivative of 13*o**3/3 - 5*o**2 + 59*o - 109. What is the units digit of l(-8)?
1
Let p(y) = -207*y + 12 + 956*y + 12. What is the hundreds digit of p(2)?
5
Let n(m) = -353*m - 515. What is the hundreds digit of n(-22)?
2
Let n(i) = -34*i + 61. Let z be n(2). What is the hundreds digit of (-6352)/(-56) - 4/z?
1
Suppose -493 = h - o, 0*o = 5*h - 3*o + 2455. Let k be (h/32 + -2)/((-6)/16). Let q = k - 17. What is the tens digit of q?
2
What is the hundreds digit of (-1)/2*131*-120 - (-20)/4?
8
Let q be 69/4*(-108)/((-99)/11). Suppose 2*m - 164 = -2*m. Let a = q - m. What is the tens digit of a?
6
Let y = 6 + -34. Suppose 3*v = -2*r - 245, 3*r - 101 = 2*v + 45. Let u = y - v. What is the units digit of u?
1
Let f = 69 + -65. Suppose -998 = -f*d + 226. What is the hundreds digit of d?
3
Let d be -2*(-125)/(-20)*4/10. Let c = 198 + d. Let b = 438 - c. What is the hundreds digit of b?
2
Let l = 9688 + 673. What is the tens digit of l?
6
Let b = 1292 - -734. What is the thousands digit of b?
2
Suppose -24*u + 20 - 308 = 0. What is the tens digit of 7 - 2/(u/3666)?
1
Let w = -18 - -26. Let s = w + -12. What is the units digit of ((-3)/s)/(5/240)?
6
Let v(t) = 447*t**2 + 18*t + 142. What is the tens digit of v(-4)?
2
Let b(r) = 62*r**2 - 21*r + 37. What is the hundreds digit of b(-10)?
4
Let q(n) = 5*n + 215. Let c = -17 - 0. What is the hundreds digit of q(c)?
1
Suppose -3*w + 196 + 179 = 2*o, o = -5*w + 625. Suppose 3*s - w - 34 = 0. Suppose s + 35 = 8*z. What is the tens digit of z?
1
Suppose -8*g = 5*l - 5*g - 78493, 5*l - 78517 = 3*g. What is the units digit of l?
1
Let z = -94 - -200. Let m = 301 + z. What is the tens digit of m?
0
Suppose -3*h - 1008 = 4*w, w + 118 + 151 = -5*h. What is the tens digit of -1 + w*(-6)/9?
6
Suppose 0 = -d - 3 + 8, 4*x + 5*d = -487. Let s = x - -130. Let z = 25 - s. What is the units digit of z?
3
Let a be 11322/21 - (3 - 180/63). Suppose -4*s = 2*n - 3070, 3*s - 1759 = 3*n + a. What is the tens digit of s?
6
Let s be 76 + (1 - 1)/(-1). Let w(z) = -103*z**3 - 2*z**2 - 2*z + 1. Let y be w(-1). Suppose -2*j + s = -y. What is the tens digit of j?
9
Let n = -86 + 40. Let j = n + 39. What is the tens digit of (j/14*-6)/((-1)/(-48))?
4
Let b = 908 + -354. Suppose -188 = 3*t - b. What is the tens digit of t?
2
Suppose w = -w. Suppose -14 = 4*f + 2. What is the tens digit of (w + f)/(2/(-44))?
8
Let q(m) = -m**2 + 6*m + 80. Let r be q(-6). Suppose a = 3*s + 1213, 3*a - r*a = -s - 6093. What is the hundreds digit of a?
2
Let j(p) = -14*p**2 + 75*p - 12. Let c be j(5). What is the tens digit of 2/c - 6848/(-104)*1?
6
Let j be -355*(7 - (-176)/(-20)). Let s = 2425 - j. What is the thousands digit of s?
1
Let x(c) = -34*c + 121. Suppose -39*k = 223 + 167. What is the hundreds digit of x(k)?
4
Let r(v) = 15*v - 77. Let i be r(7). Let o = -28 + 21. What is the hundreds digit of ((-94)/2)/(o/i)?
1
Let t = 6919 + 12642. What is the units digit of t?
1
Suppose -30469*k + 30445*k + 958128 = 0. What is the thousands digit of k?
9
What is the tens digit of (-2)/(-23) - 15691844/(-4738)?
1
Let j(w) = 34*w**2 - 3*w + 13. Let a(b) = b - 6 - 4*b**2 - 6*b**2 - 7*b**2. Let s(y) = -9*a(y) - 4*j(y). What is the units digit of s(-2)?
4
What is the hundreds digit of 10/(-5) + 2 + (2170 - 14)?
1
Suppose 22 = 5*i + 7. Let z be ((-384)/(-18))/(2/i). What is the units digit of z + 5 + -3 + 5 + -5?
4
Suppose 3*j + 55*j = 577912. What is the thousands digit of j?
9
Let m = 22792 + -34133. What is the units digit of 4/38 + m/(-19)?
7
Let n(d) = 177*d**3 - 19*d**2 - 30*d + 216. What is the tens digit of n(7)?
8
Suppose h - 2*h = -30. What is the hundreds digit of 142 + (0 + -3)*(-20)/h?
1
Let y be (-5)/15*-1*12. Suppose 111 + 55 = y*i - 3*z, -5*z + 190 = 5*i. What is the tens digit of i?
4
Let b = 1496 - 745. Suppose 5*z - b = -16. What is the tens digit of z?
4
Let y(b) = -5*b - 142. Let s(g) = 14*g + 425. Let n(j) = 6*s(j) + 17*y(j). What is the tens digit of n(7)?
2
Let g(v) be the second derivative of 11*v**3/2 - 122*v**2 - 206*v. What is the units digit of g(33)?
5
Let q(t) = t**2 + 2*t - 18. Let b(v) = -3*v + 3. Let r(a) = -8*a + 10. Let s(d) = 11*b(d) - 4*r(d). Let c be s(5). What is the hundreds digit of q(c)?
1
Let q(w) be the first derivative of -w**3/3 + 12*w**2 - 10*w - 11. Suppose 0 = -4*z + 4*p + 8, z + 4*p = 14 + 13. What is the units digit of q(z)?
9
Let c(l) = -l**2 - 4. Let f be c(0). Let s = f - -57. What is the units digit of 4/(-6)*1 - s/(-3)?
7
Let d = -94 - -100. Let j(s) be the second derivative of s**4/6 - s**3/2 + s**2 + 2*s. What is the tens digit of j(d)?
5
Suppose 3*t + 4*y - 12976 = 0, t + 2020 = -3*y + 6337. Suppose -t = 60*p - 66*p. What is the units digit of p?
2
What is the hundreds digit of 2 + (172 - 176)*(6170/(-1) + 2)?
6
Let k = 10927 + 12055. What is the hundreds digit of k?
9
Let d be (-3*(-3)/9)/((-1)/(-37)). Let x = d + -29. Let h = 89 - x. What is the units digit of h?
1
Let y(g) = g**3 + 10*g**2 + 4*g + 31. Let k be y(-6). Let q = k - -138. What is the units digit of q?
9
What is the hundreds digit of 67761/7 + 64/(-56)?
6
Suppose -283431 = -53*a + 9924. What is the thousands digit of a?
5
Let n(k) = -11*k**2 + 4*k + 24. Let f be n(-7). Let s = f - -1708. What is the hundreds digit of s?
1
Let k(h) = 11*h**3 - 9*h**3 + 2*h**2 - 4*h**2 - 4 - 9*h. What is the tens digit of k(7)?
2
Let q be 1*-7*(3 - (-62)/(-14)). Suppose 652 = 6*i - q*i. What is the units digit of (1 - i/3)/(6/9)?
3
Suppose -2*y - 2958 = -2*m + m, 15 = -5*y. Suppose 3*z = b - 738, -4*b + 4*z - 6*z = -m. What is the units digit of b?
8
What is the hundreds digit of -24 - (-85436 - (-120)/6)?
3
Let y = -11584 - -37951. What is the ten thousands digit of y?
2
Suppose -3*y = -2*a - 14125, 0 = 5*y + a - 11453 - 12106. What is the tens digit of y?
1
Let y(a) = -a**3 + 43*a**2 - 84*a - 485. What is the hundreds digit of y(39)?
3
What is the hundreds digit of (-20)/70*1 - (-94362)/7?
4
Suppose 6*s - 938691 = -52*s + 423323. What is the ten thousands digit of s?
2
Let d(s) = 4*s**3 - 7*s**2 + 52*s - 677. What is the hundreds digit of d(16)?
7
Let r = -69255 + 106258. What is the ten thousands digit of r?
3
Let b = -317 - -314. Let j(i) = -20*i**3 - 2*i**2 + 4*i + 4. What is the units digit of j(b)?
4
Suppose -135*d = 20*d - 884895. What is the hundreds digit of d?
7
Let o = -156 - -307. Let l = o - 75. What is the tens digit of l?
7
Let l(a) = -4*a**2 + 68*a + 4. Let c be l(17). What is the units digit of (24/21)/c + (-901)/(-7)?
9
What is the thousands digit of (432/5 + -2)/(3/180)?
5
Let j(w) = w**3 - 25*w**2 - 27*w + 37. Let a be j(26). Suppose -12*k + a*k = -6. Let q = k - -300. What is the tens digit of q?
0
Let n = -532 - -802. Suppose -272*g + 438 = -n*g. What is the units digit of g?
9
Let c be -20 + 1 - (45 + -49). Let h(m) = m**2 + 18*m - 14. Let g(w) = -w**2 - 17*w + 13. Let s(p) = -7*g(p) - 6*h(p). What is the units digit of s(c)?
3
Let j = 1157 - -664. What is the thousands digit of j?
1
Suppose -104 = b - 9*b. Suppose -b*k = -14*k + 184. Let l = -90 + k. What is the units digit of l?
4
Let u(i) = -9678*i - 2603. What is the ten thousands digit of u(-6)?
5
Let b(h) = -2663*h**3 + 2*h**2 - 1. Let c be b(-1). Suppose -4*y - c = -y. What is the units digit of (-10)/(-50) + y/(-10)?
9
Let c(x) = 56*x**2 - 2*x + 13. Suppose 28 = 15*i - 8*i. What is the units digit of c(i)?
1
Let w be (13*4/(-5))/(4/(-20)). Let n = 63 - w. Suppose -n*x + 504 = -7*x. What is the tens digit of x?
2
Let f(r) = 4*r + 12. Let z be f(-6). Let g = z + 29. Let c(j) = 3*j + 26. What is the tens digit of c(g)?
7
Let t(x) = -4*x - 21. Let d be t(-6). Suppose -5 = z, 35 = 2*w - 6*w - d*z. What is the units digit of ((-1)/(-1))/((5/(-23))/w)?
3
Suppose -215*u - 1950 = -212*u. Let p = -20 - u. What is the units digit of p?
0
Let w(i) = i**3 - 9*i**2 - 13*i -